148709?
1
What is the thousands digit of 49469302?
9
What is the thousands digit of 3097983277?
3
What is the tens digit of 494104354?
5
What is the hundred thousands digit of 458856810?
8
What is the ten millions digit of 99712650?
9
What is the thousands digit of 1113410071?
0
What is the millions digit of 19088711?
9
What is the hundreds digit of 413442059?
0
What is the ten millions digit of 675532288?
7
What is the hundred millions digit of 408589910?
4
What is the hundreds digit of 125227351?
3
What is the units digit of 701630430?
0
What is the thousands digit of 768715567?
5
What is the hundred thousands digit of 17705410?
7
What is the billions digit of 1024830971?
1
What is the units digit of 9640695?
5
What is the tens digit of 3631221868?
6
What is the thousands digit of 67432215?
2
What is the thousands digit of 83456573?
6
What is the hundreds digit of 4074134384?
3
What is the ten thousands digit of 47070418?
7
What is the hundred thousands digit of 64830270?
8
What is the ten millions digit of 46066248?
4
What is the billions digit of 5088352229?
5
What is the thousands digit of 179671534?
1
What is the hundred thousands digit of 25822834?
8
What is the millions digit of 1043418813?
3
What is the ten thousands digit of 378992254?
9
What is the hundreds digit of 82229878?
8
What is the tens digit of 233437282?
8
What is the millions digit of 79554179?
9
What is the ten millions digit of 72543265?
7
What is the hundred thousands digit of 109742276?
7
What is the units digit of 45792327?
7
What is the hundreds digit of 489340?
3
What is the millions digit of 47008231?
7
What is the ten thousands digit of 780394296?
9
What is the hundred millions digit of 222610554?
2
What is the ten millions digit of 62601855?
6
What is the millions digit of 57891904?
7
What is the millions digit of 5785826625?
5
What is the hundred millions digit of 3219828615?
2
What is the hundred thousands digit of 2043547805?
5
What is the units digit of 75680920?
0
What is the millions digit of 30686806?
0
What is the hundreds digit of 58456783?
7
What is the ten millions digit of 60278940?
6
What is the millions digit of 522321457?
2
What is the hundreds digit of 921388507?
5
What is the hundred millions digit of 180912912?
1
What is the tens digit of 208667?
6
What is the hundred thousands digit of 27775895?
7
What is the units digit of 33385744?
4
What is the ten millions digit of 744082572?
4
What is the ten thousands digit of 30152767?
5
What is the units digit of 54488640?
0
What is the millions digit of 132829137?
2
What is the hundred thousands digit of 3530682341?
6
What is the hundreds digit of 23783535?
5
What is the hundred thousands digit of 40393860?
3
What is the thousands digit of 39881941?
1
What is the units digit of 916303556?
6
What is the millions digit of 19630405?
9
What is the billions digit of 2369741958?
2
What is the hundreds digit of 5822703?
7
What is the units digit of 745412897?
7
What is the ten thousands digit of 246282910?
8
What is the ten thousands digit of 1007726475?
2
What is the units digit of 265027066?
6
What is the hundreds digit of 21390916?
9
What is the units digit of 25263014?
4
What is the thousands digit of 181786736?
6
What is the hundred thousands digit of 41563612?
5
What is the units digit of 1669204138?
8
What is the tens digit of 157463097?
9
What is the hundreds digit of 2427021972?
9
What is the millions digit of 1836304246?
6
What is the tens digit of 4229868581?
8
What is the ten millions digit of 95732271?
9
What is the units digit of 353143416?
6
What is the tens digit of 336529719?
1
What is the hundreds digit of 134824656?
6
What is the units digit of 269063655?
5
What is the hundreds digit of 42171505?
5
What is the tens digit of 758680768?
6
What is the ten millions digit of 779148517?
7
What is the billions digit of 3762856513?
3
What is the thousands digit of 19464116?
4
What is the millions digit of 11586098?
1
What is the hundreds digit of 22332761?
7
What is the units digit of 223722013?
3
What is the millions digit of 103623134?
3
What is the thousands digit of 17443113?
3
What is the thousands digit of 5086139315?
9
What is the hundreds digit of 140997910?
9
What is the ten millions digit of 72885185?
7
What is the thousands digit of 11499967?
9
What is the ten thousands digit of 591516237?
1
What is the hundreds digit of 1946268369?
3
What is the hundred millions digit of 401598330?
4
What is the hundred thousands digit of 154959223?
9
What is the millions digit of 57960503?
7
What is the ten millions digit of 416553886?
1
What is the tens digit of 1270681308?
0
What is the tens digit of 11849184?
8
What is the billions digit of 1465006446?
1
What is the hundred thousands digit of 204663323?
6
What is the tens digit of 313533720?
2
What is the hundreds digit of 1334207746?
7
What is the units digit of 37444019?
9
What is the ten millions digit of 96843198?
9
What is the units digit of 40117707?
7
What is the thousands digit of 161879692?
9
What is the tens digit of 636510053?
5
What is the hundred millions digit of 2620262016?
6
What is the millions digit of 14970739?
4
What is the thousands digit of 31754618?
4
What is the ten thousands digit of 1312440080?
4
What is the thousands digit of 4632190683?
0
What is the tens digit of 274822242?
4
What is the tens digit of 466106683?
8
What is the hundred thousands digit of 321119930?
1
What is the tens digit of 261774610?
1
What is the hundreds digit of 4292535257?
2
What is the ten millions digit of 488101472?
8
What is the ten thousands digit of 81917596?
1
What is the ten thousands digit of 77317481?
1
What is the ten millions digit of 225048276?
2
What is the hundreds digit of 1397333549?
5
What is the units digit of 4635549761?
1
What is the ten thousands digit of 273266105?
6
What is the tens digit of 124826324?
2
What is the hundreds digit of 317408706?
7
What is the tens digit of 112163206?
0
What is the hundred thousands digit of 100666329?
6
What is the hundreds digit of 3160302202?
2
What is the thousands digit of 937334107?
4
What is the billions digit of 5305450950?
5
What is the hundred thousands digit of 30224990?
2
What is the ten thousands digit of 4612563811?
6
What is the ten thousands digit of 953189138?
8
What is the thousands digit of 563352945?
2
What is the ten millions digit of 59305639?
5
What is the units digit of 3462582518?
8
What is the units digit of 124864908?
8
What is the hundreds digit of 998748420?
4
What is the ten millions digit of 1559989012?
5
What is the thousands digit of 132378189?
8
What is the ten thousands digit of 259730817?
3
What is the millions digit of 51808778?
1
What is the thousands digit of 28395077?
5
What is the millions digit of 76303205?
6
What is the tens digit of 537602662?
6
What is the millions digit of 453222176?
3
What is the millions digit of 5163309693?
3
What is the hundred thousands digit of 315437323?
4
What is the millions digit of 26761688?
6
What is the hundred thousands digit of 354240365?
2
What is the hundreds digit of 249158161?
1
What is the millions digit of 39250158?
9
What is the units digit of 7492144?
4
What is the millions digit of 143923599?
3
What is the units digit of 60628781?
1
What is the hundred millions digit of 116067435?
1
What is the units digit of 35440933?
3
What is the hundred thousands digit of 318347818?
3
What is the ten millions digit of 7216788492?
1
What is the hundreds digit of 506159712?
7
What is the ten millions digit of 4879459755?
7
What is the hundred thousands digit of 13656161?
6
What is the billions digit of 1088245446?
1
What is the billions digit of 1010246319?
1
What is the ten thousands digit of 1012358984?
5
What is the ten millions digit of 29603468?
2
What is the billions digit of 3136297640?
3
What is the units digit of 653903049?
9
What is the ten thousands digit of 23400749?
0
What is the millions digit of 39758379?
9
What is the millions digit of 854917667?
4
What is the hundred millions digit of 424895768?
4
What is the tens digit of 11799018?
1
What is the millions digit of 1557994558?
7
What is the ten millions digit of 235320458?
3
What is the ten millions digit of 167856568?
6
What is the ten millions digit 